lculate the remainder when x is divided by 7.
4
Suppose 0 = 4*f - f - 129. Calculate the remainder when f is divided by 11.
10
Let w(n) = 2*n**2 - 15*n + 9. Calculate the remainder when w(10) is divided by 30.
29
Suppose z + 9 = 27. What is the remainder when z is divided by 10?
8
Let s be (-4)/6*(-2 + -1). Suppose 2*g + 3*u = 62, -s*g + 71 - 25 = -u. Let c(p) = 5*p**2 + 11*p + 15. What is the remainder when g is divided by c(-2)?
12
Suppose -4*u - 2*h = -108, u + 0*h - 27 = 2*h. Calculate the remainder when u is divided by 7.
6
Suppose k + 4*k - 60 = 0. Suppose 5*l + 0*r - 31 = -r, -4*l + 23 = -r. Calculate the remainder when (6 - 9)*(-70)/l is divided by k.
11
Let c(q) = 10*q**2 - 5*q - 1. Let j be c(5). Let x = j - 147. What is the remainder when x is divided by 26?
25
Suppose -4*r + 24 = z - r, 0 = -3*r + 15. What is the remainder when 15 is divided by z?
6
Calculate the remainder when 14 is divided by (7/(105/10))/((-1)/(-6)).
2
Let r(u) = -2*u + 5. What is the remainder when r(-13) is divided by 12?
7
What is the remainder when 3/15 - (-736)/20 is divided by 19?
18
Suppose 4*k - 8 = 4. Suppose 5*z = k*h - 12 - 15, 4*h - 4*z = 44. Calculate the remainder when 40 is divided by h.
12
Suppose 8*m = 11*m - 15. Suppose 0 = -m*t + t + 48. Calculate the remainder when t is divided by 7.
5
Suppose 2*s + s + 1341 = 0. Let q be s/(-12) - (-3)/4. Suppose -2 - 4 = -3*y, 3*y - q = -4*t. What is the remainder when t is divided by 5?
3
Suppose -a + 2 + 3 = 0. Suppose a*g - g = 80. Suppose -t + 0 = -58. What is the remainder when t is divided by g?
18
Let h = 191 - 115. Let d = -9 - -17. What is the remainder when 19 is divided by (-2)/(-4) + h/d?
9
Calculate the remainder when 64/(-10)*120/(-16) is divided by 10.
8
Let o(c) = 2*c**2 + c - 1. What is the remainder when o(2) is divided by 5?
4
Let w be (1 - 2)/(6/(-66)). Suppose 3*q - 45 = z, 5*q - 4*q - w = -z. What is the remainder when 69 is divided by q?
13
Suppose 4*v + h = 152, -5*v - 3*h + 144 = -v. Let x(s) = -2*s + 0 - 4*s**2 - 1 + s - 2*s**3. Calculate the remainder when v is divided by x(-3).
19
Let l = 0 - -5. Let q(x) = -3*x**2 - 2*x + 2. Let y be q(-2). Let t = y + 8. Calculate the remainder when l is divided by t.
1
Suppose -8*h + 1 + 143 = 0. What is the remainder when 53 is divided by h?
17
Let b(p) = -8*p - 8. Calculate the remainder when b(-7) is divided by (-2)/(((-4)/26)/1).
9
Suppose 22 = 2*z + 3*g, z + 5*g - 40 = -3*z. Let k(n) = n - 1. Let r = -1 + 7. Calculate the remainder when r is divided by k(z).
2
Suppose 5*b - 2*p + 17 = -83, 0 = 5*b - 5*p + 115. Let j = -33 + 68. What is the remainder when j is divided by 1 + b/(-3) + 2?
8
Suppose -4*n + 234 = 30. Let i = n - 29. Calculate the remainder when i is divided by 8.
6
Let o = 27 - 18. Calculate the remainder when (-42)/o*(-36)/14 is divided by 7.
5
Suppose 2*f - 7*f + 105 = 0. Calculate the remainder when f is divided by 12.
9
Let g(t) = t**3 - t**2 - 2*t + 1. Let i(q) = 4*q**3 - 2*q**2 + 1. Let a be i(1). Calculate the remainder when 37 is divided by g(a).
11
Let t(i) = 2*i**2 + i - 1. Let u be t(1). Let y = -23 + 63. Calculate the remainder when y is divided by (-200)/(-14) + u/(-7).
12
Let p = 44 - 18. Suppose 4*r - 24 = r - 3*i, -2*i = 2. What is the remainder when p is divided by r?
8
What is the remainder when (-14)/91 + 56/26 is divided by 2?
0
Suppose 0 = 4*p - 113 - 127. Calculate the remainder when p is divided by 21.
18
Let a = -14 + 30. Let m(q) = -q**3 - 17*q**2 + 16*q + 27. Calculate the remainder when m(-18) is divided by a.
15
Let o = 13 - 8. Let t = -106 - -148. Suppose -3*f - t = -3*l, 3*l - 72 = 3*f - 6*f. What is the remainder when l is divided by o?
4
Let i(l) = 6*l - 8. Let o be i(6). Suppose 4*z = -o + 100. Let d(m) = 26*m. What is the remainder when d(2) is divided by z?
16
Let m = -3 - -46. Calculate the remainder when m is divided by 66/(-2)*4/(-6).
21
Let u(v) = v**3 - 8*v**2 - 10*v + 9. Let p be u(8). Let a = -48 - p. Suppose 85 = 5*z - 5*b, 0 = z + b - 0*b - a. What is the remainder when z is divided by 7?
6
Let x(q) be the second derivative of q**4/12 + q**3/6 + q**2/2 - 2*q. Calculate the remainder when 8 is divided by x(-2).
2
What is the remainder when (-26)/(-195) - 808/(-15) is divided by 19?
16
Let y = 43 + -26. Let v = y + -12. Suppose 2*z + 2*m + 30 = 7*z, -4*m + 28 = z. Calculate the remainder when z is divided by v.
3
Suppose -o = -5*j - 0*o + 30, 2*j + 2*o - 24 = 0. Let n(m) = 9*m + 6. Calculate the remainder when n(j) is divided by 18.
15
Suppose 0 = -x + 3*x - 98. Suppose -6*a + 37 = -3*a - l, 4*l = 3*a - x. What is the remainder when 19 is divided by a?
8
Suppose -26 = 7*o - 5*o. Let c = -3 - o. What is the remainder when 38 is divided by c?
8
Let v = 2 + 5. Calculate the remainder when (2 - 1)/(-1) - -28 is divided by v.
6
Suppose 2*z + z - 48 = 0. Calculate the remainder when 11 is divided by (-38)/(-8) + (-12)/z.
3
Let p = -12 + 20. Let k = 45 - 23. Calculate the remainder when k is divided by p.
6
Calculate the remainder when 11 is divided by -1 + -6 + 3 + 11.
4
Let s(v) = 0*v + 64*v**2 + 4*v**2 - 1 - 2*v. What is the remainder when s(-1) is divided by 24?
21
What is the remainder when 35 is divided by (-15)/20*48/(-3)?
11
Let v = -3 + 7. Suppose z = -z + v. Suppose 0 = 4*x + z*u - 62 - 68, -145 = -4*x - 5*u. What is the remainder when x is divided by 16?
14
Let b = 126 - 87. Calculate the remainder when 151 is divided by b.
34
Let l = 40 + 10. What is the remainder when l is divided by 13?
11
Suppose -2*r - 12 = 2*o, 3*r + 2*r + o + 18 = 0. Calculate the remainder when 9 is divided by 17/3 + 2/r.
4
Suppose 0 = 3*f - 169 + 16. Suppose -2*u = -2*z - 26, -u = -3*u - 3*z + 26. Calculate the remainder when f is divided by u.
12
Let b = -6 + 9. Suppose 0 = -2*k - 5*r + 9, 4*k - 10 = -5*r + 13. Calculate the remainder when k is divided by b.
1
Suppose -3*p - p - o = 7, 23 = -p + 4*o. Let s = 6 + p. Suppose s*c - c - 48 = 0. What is the remainder when c is divided by 13?
11
Let l = 33 - 26. Let i(x) = -2*x - 2. Suppose 0 = o + 3 - 0. Calculate the remainder when l is divided by i(o).
3
Suppose -73 = -3*q + 8. Calculate the remainder when 53 is divided by q.
26
Suppose 0 = -3*y + 66 + 12. What is the remainder when y is divided by 15?
11
Let n(g) be the second derivative of -g**4/12 - 11*g**3/6 - 3*g**2/2 + 3*g. Calculate the remainder when n(-8) is divided by 11.
10
Let r = 74 + -133. Let x = r - -17. Let b = -30 - x. What is the remainder when b is divided by 7?
5
Let m(f) = -f**3 - 3*f**2 - 2*f + 7. What is the remainder when 49 is divided by m(-3)?
10
Let f(c) = c**3 - 7*c**2 - 12*c - 13. Let o(k) = -k**3 + 4*k**2 + 7*k - 1. Let i be o(5). What is the remainder when f(i) is divided by (-21)/(-4)*16/6?
13
Let s(r) = -r + 7. Let n be s(13). Suppose -4*w - 3*m - 2*m - 53 = 0, 3*w - 5*m + 31 = 0. Calculate the remainder when (n/w)/((-2)/(-172)) is divided by 15.
13
Suppose -5*n + 23 = 5*u - 12, -3*n - 4*u = -20. Calculate the remainder when 23 is divided by n.
7
Let f be 9*((-1 - 0) + 2). Suppose -f = k - 42. What is the remainder when k is divided by 1 - (-12 - 1/(-1))?
9
Let g(k) = -k**2 + 7*k - 1. Calculate the remainder when g(5) is divided by 5.
4
Let c be 22/(-4)*(4 - 2). Let y = c - -13. Calculate the remainder when 3 is divided by y.
1
Suppose -11*y + 9*y = -52. Suppose s + y = 93. Calculate the remainder when s is divided by 17.
16
Let j = -13 + 19. What is the remainder when 15 is divided by j?
3
Let l(s) = s - 4. Let w be l(5). Suppose 0 = -4*a - 15 - w. Calculate the remainder when 17/2 - 2/a is divided by 6.
3
What is the remainder when 138/(-9)*6/(-4) is divided by 13?
10
Let s(z) = -z**2 - 5*z - 1. Let w be s(-4). Let o = -3 + 18. Suppose -3*q = -w - o. What is the remainder when q is divided by 2?
0
Let i(j) = 9*j**2 - 2*j + 7. Let n be i(-7). Let y = n - 277. Suppose -4*z + y = -27. What is the remainder when z is divided by 18?
17
Suppose -4*d = -5*d + 59. Suppose d = 3*k + 2. Calculate the remainder when 4/(6/(-8)*32/(-336)) is divided by k.
18
Let o(v) = v**2 + 4*v + 2. What is the remainder when o(-8) is divided by 9?
7
Let h(m) = 5*m + 2. Let t = -42 + 63. Calculate the remainder when h(4) is divided by (t/15 - 1)*30.
10
Suppose -3*g + o - 3*o = -39, 0 = -3*g - 5*